 l = -37 - -25. What are the prime factors of (38/(-8))/(3/l)?
19
Let w = 143 + -33. List the prime factors of w.
2, 5, 11
Let h = -11 + 13. Let z be (-4)/6 + (-86)/6. What are the prime factors of z/h*32/(-40)?
2, 3
Suppose -4*d - 16 = -j - 7, -5*j + 61 = -4*d. Suppose -s - 4 = -j. List the prime factors of s.
3
Let k = -19 + 72. List the prime factors of k.
53
Let p be (-5 - -5) + (3 - 0). Suppose h - 48 = -p*h. What are the prime factors of h?
2, 3
Let k(a) = a**2 - 7*a - 8. Let l be k(8). Suppose -v + 17 = -l*v. List the prime factors of v.
17
Let t(d) = -d + 8. Let h be (-1)/(-3) - (-17)/3. What are the prime factors of t(h)?
2
Suppose -179 - 256 = -5*k. What are the prime factors of k?
3, 29
Let m(k) = k**2 + 7*k + 6. Let i be m(-9). Let c = 52 - i. What are the prime factors of c?
2, 7
Let j(n) = 3*n**3 - 10*n**3 + 1 - 2. List the prime factors of j(-1).
2, 3
Let l = -3 + 3. Suppose x - 2 - 1 = l. Suppose 5*s - 17 = x*f, 5*f + 8 = 3*s + 1. What are the prime factors of s?
2
Let j(w) be the second derivative of w**5/20 + 5*w**4/12 - 7*w**3/6 + 3*w**2 - 2*w. What are the prime factors of j(-6)?
2, 3
Let o = -4 - -2. Let t = 5 + o. What are the prime factors of t?
3
Let c be 3/(-6)*0/4. Suppose c = 5*h - 2*j + 25 - 133, 4*j = -2*h + 48. What are the prime factors of h?
2, 11
Let l(g) = g + 3. Let n be l(3). List the prime factors of -2 + 9 + n/3.
3
Let k = -9 + 13. What are the prime factors of k?
2
Let z(u) = u**3 + u**2 + u - 9. Let v be z(0). Let j = -4 - v. Suppose -2*s = p - 16, -j*s + 40 = -s - 2*p. List the prime factors of s.
3
Let s be (-21)/14 - 1/2. Let u(g) be the second derivative of -2*g**3/3 - g**2/2 - g. List the prime factors of u(s).
7
Let r = 36 - 1. What are the prime factors of r?
5, 7
Suppose -4*a + 53 = -q - 119, -3*q = 0. What are the prime factors of a?
43
Suppose 8*b - 5 = 3*b + 5*p, 0 = -b - 3*p + 17. Suppose s - 100 = -5*z, 0*s + b*s - 25 = 0. List the prime factors of z.
19
Suppose -5*r = 14 + 1. List the prime factors of 33/(-2)*2/r.
11
Let f = 347 - 246. What are the prime factors of f?
101
Let h(q) = -q. Let l be h(-7). Let w be l + (-3)/6*2. Let r = 10 - w. What are the prime factors of r?
2
Let z = -11 - -17. Suppose j + z = -u, -3*j = 2*j - 3*u + 14. Let k = 6 + j. List the prime factors of k.
2
Let a(g) = -g**3 - 5*g**2 - 2*g - 2. Let p be a(-4). Let s(x) be the first derivative of x**2/2 + 21*x - 1. List the prime factors of s(p).
11
Suppose -4*n = -5*k + 31, 5*k = -2*n + 6*k - 11. Let q(f) = 3*f - 3. Let y(b) = -b + 1. Let j(h) = -q(h) - 2*y(h). What are the prime factors of j(n)?
5
Suppose 5*y + 5 = -5*h + 15, 5*h = -4*y + 6. Suppose -55 + 7 = -y*q. What are the prime factors of q?
2, 3
Let m be -1 - (-1)/((-3)/150). Let z be 1*(m/1)/(-3). Suppose 0 = -5*b + z + 28. What are the prime factors of b?
3
Suppose 0*m = 5*m + 100. List the prime factors of (4 - 3)*m/(-2).
2, 5
Let j be ((-5)/5)/(1/(-5)). Suppose -14 = -j*h + 3*h. What are the prime factors of h?
7
List the prime factors of 15/(((-2)/(-1))/6).
3, 5
Let a = -218 + 552. List the prime factors of a.
2, 167
Suppose -26 = -5*b - 1. Let w = 2 + -2. Suppose 5*j = -l + 50, 3*j - l - b - 25 = w. List the prime factors of j.
2, 5
Let b(u) = u - 10. Let d be b(7). Let z = 6 + d. Suppose -11 = -z*h + 13. List the prime factors of h.
2
Let n(k) = -9*k**3 - 8*k + 8*k**2 + 0*k**2 + 1 + 8*k**3. List the prime factors of n(6).
5
Let a(m) be the first derivative of m**3 - m**2/2 + 2*m - 2. Let d be a(-2). Suppose b + b = d. What are the prime factors of b?
2
Let f(y) = 8*y + 1. Let k(q) = 4*q. Let i(a) = 4*f(a) - 7*k(a). List the prime factors of i(4).
2, 5
Let p = 8 - 6. Let d = 14 - p. What are the prime factors of d?
2, 3
Let c = 3 - -16. Suppose -3*k - 4 = -c, k = a. List the prime factors of a.
5
Suppose 222 = 9*b - 183. What are the prime factors of b?
3, 5
Let n = 2 + 1. Suppose -4*o + 2*o = 2*r + 8, -3*r = -4*o - 23. Suppose -r = n*b - 10. What are the prime factors of b?
3
Suppose -25 = -3*x - 2*x + 5*g, 3*g = -9. What are the prime factors of -6*(9/x)/(-3)?
3
Suppose 0 = 3*o + 2*j - 613, 5*j - 87 = 5*o - 1067. List the prime factors of o.
3, 67
Let k(o) = -5*o + 2. List the prime factors of k(-5).
3
Let j be 4/(3 + (-39)/15). Suppose i + 20 = 5*k, 5*i = -4*k - j + 26. Suppose i = -f - 0*f + 4*s + 15, 4*s = 0. What are the prime factors of f?
3, 5
Suppose 11*d - 2610 = 2*d. What are the prime factors of d?
2, 5, 29
Let o(g) = -g**3 + 7*g**2 + 10*g - 9. List the prime factors of o(8).
7
Let b be ((-4)/6)/(4/(-6)). Let v be b*-1*6/(-3). What are the prime factors of v - (-2)/3*3?
2
Suppose 6*d - d - 30 = 0. Let r be 0*((-8)/d + 1). Suppose 0*t - 3*t + 60 = r. What are the prime factors of t?
2, 5
Let r = -2 + -2. Let s = 7 + r. Suppose 0 = s*t - t - 22. What are the prime factors of t?
11
List the prime factors of (((-95)/3)/(3/9))/(-1).
5, 19
Let u = 0 - -3. What are the prime factors of u?
3
Let s = -3 - -4. Let w = s + 0. What are the prime factors of -1*(w - 0)*-8?
2
Suppose -5*g - 42 = 48. What are the prime factors of (-29)/(-9) - (-4)/g?
3
Suppose 3*q + 0*q - 6 = 0. Suppose 10 = -q*k + 4*k. Suppose 3*a - c = -0*a + 13, k*c - 20 = -2*a. What are the prime factors of a?
5
Let q be (-3 + 5)*(-10)/(-4). Let r(h) = h**2 - 3*h + 5. What are the prime factors of r(q)?
3, 5
Let s = 18 - 27. Let z be 2/((-1)/(s/(-6))). What are the prime factors of 0/(-2) + 2 - z?
5
Let f(l) = 87*l + 23. What are the prime factors of f(3)?
2, 71
Let u = 117 + -59. What are the prime factors of u?
2, 29
Let j be 4/10 + (-126)/(-35). Let l(i) = i + 4. Let a be l(0). Suppose 2*f + 5*q - 38 = 0, a*q - j = 3*q. List the prime factors of f.
3
Let x be 3 - (-1 - -2) - 0. Suppose -r + 0*n + 11 = n, -5*n + 7 = x*r. Let s = -4 + r. List the prime factors of s.
2, 3
Let f be 21/(-7) - 7*-1. Suppose 5*i = -4*k + 5, -f*i + 2*k - 1 = -5*i. Let s = i + 2. What are the prime factors of s?
3
Suppose 62*x - 56*x - 1674 = 0. What are the prime factors of x?
3, 31
Suppose -6*d + d = 0. Let l = d + 18. List the prime factors of l.
2, 3
Let y be (88/(-3))/(3/(-9)). Suppose 0 = o - 2*v - 29, -5*o + y = -v - 39. List the prime factors of o.
5
Let n(b) = -b + 4 + 3 - 1. What are the prime factors of n(-7)?
13
Suppose 0*o - o = -1. Suppose 0*r + r = o. List the prime factors of 1/(r/(-10)*-1).
2, 5
Suppose 4*n = 4*z - 24, z - 5*n - 4 = 6. Suppose -z*w = -4*y - 100, 5*w + 0*w + 5*y = 55. What are the prime factors of w?
2
Let p = 22 - 74. Let x = 80 + p. Suppose 0 = 2*w - x + 2. List the prime factors of w.
13
Suppose -53 = -10*p + 5*p + q, 0 = 3*p - 5*q - 45. Suppose -2*v = 5*n - 0*v - p, 4*v = -3*n - 8. Suppose -3*l + n + 29 = 0. What are the prime factors of l?
11
Let a be ((-2)/2 + 1)/(-1). Suppose -3*g + 12 + a = 0. Let q = 5 + g. What are the prime factors of q?
3
Suppose 0*s = -2*s + 182. Suppose -5*q + 3*x + 91 = -s, -5*q + 4*x + 186 = 0. List the prime factors of q.
2, 17
Let y(x) = -x + 1. Let o(l) = 4*l - 2. Let q(i) = -o(i) - 5*y(i). Let m be q(5). Suppose -43 = -5*v + 4*z - m, 0 = -3*z + 3. What are the prime factors of v?
3
Let w(k) = -3*k + 27. List the prime factors of w(0).
3
Let u(r) = 3*r**3 + 16*r**2 - 3*r - 6. Let p(w) = -2*w**3 - 11*w**2 + 2*w + 4. Let q(v) = 7*p(v) + 5*u(v). List the prime factors of q(-2).
2
Let d(j) = 9*j - 3. Let o be d(-3). List the prime factors of o/(-2 + -1) + -2.
2
Let q = -31 - -53. What are the prime factors of q?
2, 11
Let p(o) = -2*o - 5. Suppose -a - 2 = -3*n, -a = n + 4 + 2. Let i be p(a). Suppose -2*y + 4*y - 1 = -q, 15 = 5*q + i*y. What are the prime factors of q?
5
Let a be ((-276)/8)/((-1)/2). Suppose -2*n - 18 = 4*l - 72, 5*l + 2*n = a. What are the prime factors of (0 + -9)*(-20)/l?
2, 3
Suppose -3*s + 5*s = -4*n + 26, -2*s + 32 = 2*n. Suppose j - 4*d - s = -3*d, j = -5*d - 5. What are the prime factors of j?
3, 5
Suppose -5*b + 35 = -0*b. Suppose b*i + 24 = 3*i. What are the prime factors of (0 + -6)*2/i?
2
Let u(y) = -3*y - 3. Let x be u(-2). Suppose 0 = -2*f + x*f - 5*t - 53, 74 = 3*f + 2*t. List the prime factors of f.
2, 7
Suppose 4*x - 2*q - 186 = -30, 5*q = 4*x - 144. What are the prime factors of x?
41
Let s = 37 + 116. List the prime factors of s.
3, 17
Let g(u) = u**2 + 3*u + 3. Let n be g(-4). Let h be 608/20 + (-4)/10. Su